{"id":19,"date":"2021-04-28T16:57:52","date_gmt":"2021-04-28T16:57:52","guid":{"rendered":"https:\/\/marryspain.com\/blog\/?page_id=19"},"modified":"2021-05-18T08:17:37","modified_gmt":"2021-05-18T08:17:37","slug":"blog","status":"publish","type":"page","link":"https:\/\/marryspain.com\/blog\/","title":{"rendered":"Blog"},"content":{"rendered":"<p>[et_pb_section fb_built=\u00bb1&#8243; _builder_version=\u00bb4.9.4&#8243; _module_preset=\u00bbdefault\u00bb use_background_color_gradient=\u00bbon\u00bb background_color_gradient_start=\u00bb#f7f7f7&#8243; background_color_gradient_end=\u00bbrgba(0,0,0,0)\u00bb background_image=\u00bbhttps:\/\/marryspain.com\/blog\/wp-content\/uploads\/2021\/04\/BLOG.jpg\u00bb min_height=\u00bb520px\u00bb height=\u00bb494px\u00bb custom_padding=\u00bb6%||6%||false|false\u00bb][et_pb_row _builder_version=\u00bb4.9.4&#8243; _module_preset=\u00bbdefault\u00bb][et_pb_column type=\u00bb4_4&#8243; _builder_version=\u00bb4.9.4&#8243; _module_preset=\u00bbdefault\u00bb][et_pb_text _builder_version=\u00bb4.9.4&#8243; _module_preset=\u00bbdefault\u00bb text_font=\u00bb|600|||||||\u00bb text_text_color=\u00bb#FFFFFF\u00bb text_font_size=\u00bb18px\u00bb header_font=\u00bb|800|||||||\u00bb header_text_align=\u00bbleft\u00bb header_text_color=\u00bb#FFFFFF\u00bb header_font_size=\u00bb39px\u00bb width=\u00bb56%\u00bb]<\/p>\n<div class=\"et_pb_module et_pb_text et_pb_text_0 et_pb_bg_layout_light  et_pb_text_align_left et_had_animation\">\n<div class=\"et_pb_text_inner\">\n<h1>Para inspirarte<\/h1>\n<\/div>\n<\/div>\n<div>\n<div>\n<p>Sabemos que organizar una boda es algo complicado, pero tambi\u00e9n algo muy especial. Por eso queremos ayudarte con las mejores ideas y los consejos m\u00e1s \u00fatiles. Nuestros bloggers pondr\u00e1n a tu disposici\u00f3n multitud de art\u00edculos para que encuentres toda la inspiraci\u00f3n que buscas.<\/p>\n<\/div>\n<\/div>\n<p>[\/et_pb_text][\/et_pb_column][\/et_pb_row][\/et_pb_section][et_pb_section fb_built=\u00bb1&#8243; _builder_version=\u00bb4.9.4&#8243; _module_preset=\u00bbdefault\u00bb][et_pb_row _builder_version=\u00bb4.9.4&#8243; _module_preset=\u00bbdefault\u00bb hover_enabled=\u00bb0&#8243; sticky_enabled=\u00bb0&#8243;][et_pb_column type=\u00bb4_4&#8243; _builder_version=\u00bb4.9.4&#8243; _module_preset=\u00bbdefault\u00bb][et_pb_blog fullwidth=\u00bboff\u00bb posts_number=\u00bb24&#8243; show_categories=\u00bboff\u00bb use_overlay=\u00bbon\u00bb overlay_icon_color=\u00bb#E02B20&#8243; masonry_tile_background_color=\u00bb#f7f7f7&#8243; _builder_version=\u00bb4.9.4&#8243; _module_preset=\u00bbdefault\u00bb header_level=\u00bbh1&#8243; header_font=\u00bb|700|||||||\u00bb meta_text_color=\u00bb#E02B20&#8243; hover_enabled=\u00bb0&#8243; border_style_all=\u00bbnone\u00bb show_date=\u00bboff\u00bb sticky_enabled=\u00bb0&#8243;][\/et_pb_blog][\/et_pb_column][\/et_pb_row][\/et_pb_section]<\/p>\n","protected":false},"excerpt":{"rendered":"<p>Para inspirarte Sabemos que organizar una boda es algo complicado, pero tambi\u00e9n algo muy especial. Por eso queremos ayudarte con las mejores ideas y los consejos m\u00e1s \u00fatiles. Nuestros bloggers pondr\u00e1n a tu disposici\u00f3n multitud de art\u00edculos para que encuentres toda la inspiraci\u00f3n que buscas.<\/p>\n","protected":false},"author":1,"featured_media":0,"parent":0,"menu_order":0,"comment_status":"closed","ping_status":"closed","template":"","meta":{"_et_pb_use_builder":"on","_et_pb_old_content":"","_et_gb_content_width":"","footnotes":""},"class_list":["post-19","page","type-page","status-publish","hentry"],"yoast_head":"<!-- This site is optimized with the Yoast SEO plugin v17.0 - https:\/\/yoast.com\/wordpress\/plugins\/seo\/ -->\n<title>Blog - Blog Marry Spain<\/title>\n<meta name=\"robots\" content=\"index, follow, max-snippet:-1, max-image-preview:large, max-video-preview:-1\" \/>\n<link rel=\"canonical\" href=\"https:\/\/marryspain.com\/blog\/\" \/>\n<meta property=\"og:locale\" content=\"es_ES\" \/>\n<meta property=\"og:type\" content=\"article\" \/>\n<meta property=\"og:title\" content=\"Blog - Blog Marry Spain\" \/>\n<meta property=\"og:description\" content=\"Para inspirarte Sabemos que organizar una boda es algo complicado, pero tambi\u00e9n algo muy especial. Por eso queremos ayudarte con las mejores ideas y los consejos m\u00e1s \u00fatiles. Nuestros bloggers pondr\u00e1n a tu disposici\u00f3n multitud de art\u00edculos para que encuentres toda la inspiraci\u00f3n que buscas.\" \/>\n<meta property=\"og:url\" content=\"https:\/\/marryspain.com\/blog\/\" \/>\n<meta property=\"og:site_name\" content=\"Blog Marry Spain\" \/>\n<meta property=\"article:modified_time\" content=\"2021-05-18T08:17:37+00:00\" \/>\n<meta name=\"twitter:card\" content=\"summary_large_image\" \/>\n<meta name=\"twitter:label1\" content=\"Tiempo de lectura\" \/>\n\t<meta name=\"twitter:data1\" content=\"1 minuto\" \/>\n<script type=\"application\/ld+json\" class=\"yoast-schema-graph\">{\"@context\":\"https:\/\/schema.org\",\"@graph\":[{\"@type\":\"WebSite\",\"@id\":\"https:\/\/marryspain.com\/blog\/#website\",\"url\":\"https:\/\/marryspain.com\/blog\/\",\"name\":\"Blog Marry Spain\",\"description\":\"Art\\u00edculos sobre turismo nupcial\",\"potentialAction\":[{\"@type\":\"SearchAction\",\"target\":{\"@type\":\"EntryPoint\",\"urlTemplate\":\"https:\/\/marryspain.com\/blog\/?s={search_term_string}\"},\"query-input\":\"required name=search_term_string\"}],\"inLanguage\":\"es\"},{\"@type\":\"WebPage\",\"@id\":\"https:\/\/marryspain.com\/blog\/#webpage\",\"url\":\"https:\/\/marryspain.com\/blog\/\",\"name\":\"Blog - Blog Marry Spain\",\"isPartOf\":{\"@id\":\"https:\/\/marryspain.com\/blog\/#website\"},\"datePublished\":\"2021-04-28T16:57:52+00:00\",\"dateModified\":\"2021-05-18T08:17:37+00:00\",\"breadcrumb\":{\"@id\":\"https:\/\/marryspain.com\/blog\/#breadcrumb\"},\"inLanguage\":\"es\",\"potentialAction\":[{\"@type\":\"ReadAction\",\"target\":[\"https:\/\/marryspain.com\/blog\/\"]}]},{\"@type\":\"BreadcrumbList\",\"@id\":\"https:\/\/marryspain.com\/blog\/#breadcrumb\",\"itemListElement\":[{\"@type\":\"ListItem\",\"position\":1,\"name\":\"Portada\",\"item\":\"https:\/\/marryspain.com\/blog\/\"},{\"@type\":\"ListItem\",\"position\":2,\"name\":\"Blog\"}]}]}<\/script>\n<!-- \/ Yoast SEO plugin. -->","yoast_head_json":{"title":"Blog - Blog Marry Spain","robots":{"index":"index","follow":"follow","max-snippet":"max-snippet:-1","max-image-preview":"max-image-preview:large","max-video-preview":"max-video-preview:-1"},"canonical":"https:\/\/marryspain.com\/blog\/","og_locale":"es_ES","og_type":"article","og_title":"Blog - Blog Marry Spain","og_description":"Para inspirarte Sabemos que organizar una boda es algo complicado, pero tambi\u00e9n algo muy especial. Por eso queremos ayudarte con las mejores ideas y los consejos m\u00e1s \u00fatiles. Nuestros bloggers pondr\u00e1n a tu disposici\u00f3n multitud de art\u00edculos para que encuentres toda la inspiraci\u00f3n que buscas.","og_url":"https:\/\/marryspain.com\/blog\/","og_site_name":"Blog Marry Spain","article_modified_time":"2021-05-18T08:17:37+00:00","twitter_card":"summary_large_image","twitter_misc":{"Tiempo de lectura":"1 minuto"},"schema":{"@context":"https:\/\/schema.org","@graph":[{"@type":"WebSite","@id":"https:\/\/marryspain.com\/blog\/#website","url":"https:\/\/marryspain.com\/blog\/","name":"Blog Marry Spain","description":"Art\u00edculos sobre turismo nupcial","potentialAction":[{"@type":"SearchAction","target":{"@type":"EntryPoint","urlTemplate":"https:\/\/marryspain.com\/blog\/?s={search_term_string}"},"query-input":"required name=search_term_string"}],"inLanguage":"es"},{"@type":"WebPage","@id":"https:\/\/marryspain.com\/blog\/#webpage","url":"https:\/\/marryspain.com\/blog\/","name":"Blog - Blog Marry Spain","isPartOf":{"@id":"https:\/\/marryspain.com\/blog\/#website"},"datePublished":"2021-04-28T16:57:52+00:00","dateModified":"2021-05-18T08:17:37+00:00","breadcrumb":{"@id":"https:\/\/marryspain.com\/blog\/#breadcrumb"},"inLanguage":"es","potentialAction":[{"@type":"ReadAction","target":["https:\/\/marryspain.com\/blog\/"]}]},{"@type":"BreadcrumbList","@id":"https:\/\/marryspain.com\/blog\/#breadcrumb","itemListElement":[{"@type":"ListItem","position":1,"name":"Portada","item":"https:\/\/marryspain.com\/blog\/"},{"@type":"ListItem","position":2,"name":"Blog"}]}]}},"_links":{"self":[{"href":"https:\/\/marryspain.com\/blog\/wp-json\/wp\/v2\/pages\/19","targetHints":{"allow":["GET"]}}],"collection":[{"href":"https:\/\/marryspain.com\/blog\/wp-json\/wp\/v2\/pages"}],"about":[{"href":"https:\/\/marryspain.com\/blog\/wp-json\/wp\/v2\/types\/page"}],"author":[{"embeddable":true,"href":"https:\/\/marryspain.com\/blog\/wp-json\/wp\/v2\/users\/1"}],"replies":[{"embeddable":true,"href":"https:\/\/marryspain.com\/blog\/wp-json\/wp\/v2\/comments?post=19"}],"version-history":[{"count":11,"href":"https:\/\/marryspain.com\/blog\/wp-json\/wp\/v2\/pages\/19\/revisions"}],"predecessor-version":[{"id":60,"href":"https:\/\/marryspain.com\/blog\/wp-json\/wp\/v2\/pages\/19\/revisions\/60"}],"wp:attachment":[{"href":"https:\/\/marryspain.com\/blog\/wp-json\/wp\/v2\/media?parent=19"}],"curies":[{"name":"wp","href":"https:\/\/api.w.org\/{rel}","templated":true}]}}